are the prime factors of 143395174?
2, 13, 5515199
What are the prime factors of 43412919?
3, 11, 1315543
List the prime factors of 6268501230.
2, 3, 5, 208950041
What are the prime factors of 1315735349?
17, 2837, 27281
List the prime factors of 2288509950.
2, 3, 5, 199, 76667
List the prime factors of 1165268948.
2, 107, 2722591
What are the prime factors of 5949372889?
5949372889
List the prime factors of 4310399.
787, 5477
What are the prime factors of 377172009?
3, 23, 31, 53, 1109
List the prime factors of 615478316.
2, 557, 276247
List the prime factors of 139915547.
139915547
What are the prime factors of 16889396?
2, 2029, 2081
What are the prime factors of 18187962?
2, 3, 13, 251, 929
List the prime factors of 151399067.
1279, 118373
List the prime factors of 2298236586.
2, 3, 557, 687683
List the prime factors of 5399004378.
2, 3, 21221, 42403
List the prime factors of 70270745.
5, 113, 277, 449
What are the prime factors of 2579916872?
2, 13, 17, 85837
What are the prime factors of 379095085?
5, 23, 3296479
What are the prime factors of 33825698?
2, 359, 47111
What are the prime factors of 39998548?
2, 9999637
List the prime factors of 56560603.
11, 61, 79, 97
List the prime factors of 1547447645.
5, 577, 536377
What are the prime factors of 65311547?
7, 2521, 3701
List the prime factors of 101503166.
2, 409, 124087
List the prime factors of 140222203.
11, 1759, 7247
What are the prime factors of 1462077516?
2, 3, 1321, 92233
List the prime factors of 2800377512.
2, 23, 15219443
What are the prime factors of 201630939?
3, 29, 67, 34591
What are the prime factors of 455404792?
2, 71, 149, 5381
List the prime factors of 117040675.
5, 23, 203549
What are the prime factors of 86201787?
3, 7, 1559, 2633
List the prime factors of 6096718096.
2, 7, 911, 59753
List the prime factors of 992405838.
2, 3, 17, 9729469
List the prime factors of 242028131.
242028131
List the prime factors of 5745109.
5745109
List the prime factors of 2965326978.
2, 3, 2437, 202799
What are the prime factors of 45596798?
2, 13, 997, 1759
What are the prime factors of 443202029?
443202029
List the prime factors of 915202647.
3, 67, 1517749
What are the prime factors of 1406190289?
7, 28697761
List the prime factors of 24985351.
24985351
List the prime factors of 76126449.
3, 7, 167, 443
List the prime factors of 29530486.
2, 97, 152219
What are the prime factors of 963870809?
11, 87624619
List the prime factors of 1283350854.
2, 3, 213891809
What are the prime factors of 86385971?
7, 59, 29881
What are the prime factors of 92984979?
3, 131, 223, 1061
List the prime factors of 1178712063.
3, 19, 719, 9587
What are the prime factors of 467372854?
2, 13, 101, 177979
List the prime factors of 2848924353.
3, 11, 19, 67, 73, 929
List the prime factors of 38968595.
5, 7793719
What are the prime factors of 1163257230?
2, 3, 5, 38775241
List the prime factors of 23562970.
2, 5, 131, 17987
List the prime factors of 1419130286.
2, 7, 101366449
What are the prime factors of 5328721?
19, 29, 509
List the prime factors of 1186421078.
2, 593210539
List the prime factors of 702273139.
499, 1407361
List the prime factors of 32236710.
2, 3, 5, 11, 97687
List the prime factors of 10220710.
2, 5, 1022071
What are the prime factors of 33672134?
2, 137, 122891
List the prime factors of 17062029.
3, 631927
List the prime factors of 6215504443.
3533, 1759271
What are the prime factors of 97970897?
19, 5156363
List the prime factors of 1537511625.
3, 5, 13, 11681
List the prime factors of 118371727.
1873, 63199
What are the prime factors of 72479141?
7, 23, 547, 823
List the prime factors of 7676291.
7, 156659
What are the prime factors of 1768990439?
2683, 659333
What are the prime factors of 60976522?
2, 1013, 30097
List the prime factors of 287852991.
3, 95950997
What are the prime factors of 158847394?
2, 97, 167, 4903
What are the prime factors of 251217125?
5, 2009737
List the prime factors of 1537025212.
2, 181, 2122963
List the prime factors of 63080574.
2, 3, 17, 618437
List the prime factors of 17880981.
3, 53, 112459
List the prime factors of 83368861.
199, 418939
List the prime factors of 53949916.
2, 13487479
List the prime factors of 11275736.
2, 1409467
What are the prime factors of 131190731?
7, 18741533
What are the prime factors of 167408110?
2, 5, 79, 89, 2381
List the prime factors of 7057496841.
3, 17, 138382291
List the prime factors of 2634154533.
3, 59, 547, 3023
What are the prime factors of 37915335?
3, 5, 89, 9467
What are the prime factors of 29600802?
2, 3, 7, 11, 113
List the prime factors of 21387441.
3, 59, 120833
List the prime factors of 771007057.
79, 151, 64633
What are the prime factors of 401168993?
401168993
What are the prime factors of 1451605448?
2, 181450681
What are the prime factors of 28313066?
2, 37, 157, 2437
List the prime factors of 126848589.
3, 7, 6040409
What are the prime factors of 4541688110?
2, 5, 454168811
List the prime factors of 499013159.
701, 711859
List the prime factors of 3309766.
2, 41, 181, 223
What are the prime factors of 80311565?
5, 16062313
What are the prime factors of 937743452?
2, 234435863
List the prime factors of 45124177.
7, 113, 57047
What are the prime factors of 244428939?
3, 19, 1429409
List the prime factors of 224228954.
2, 37, 181, 16741
List the prime factors of 2595818179.
17, 152695187
What are the prime factors of 8950091180?
2, 5, 4703, 95153
List the prime factors of 888094528.
2, 13876477
List the prime factors of 2543260676.
2, 11, 29, 1993151
What are the prime factors of 403484166?
2, 3, 103, 24181
List the prime factors of 7919760.
2, 3, 5, 32999
What are the prime factors of 699001507?
19, 43, 101, 197
What are the prime factors of 542545345?
5, 137, 792037
List the prime factors of 1007475135.
3, 5, 317, 211877
What are the prime factors of 369141798?
2, 3, 109, 564437
List the prime factors of 176966296.
2, 13, 67, 109, 233
What are the prime factors of 5516385?
3, 5, 7, 107, 491
List the prime factors of 5309239336.
2, 557, 1191481
List the prime factors of 46810799.
7, 193, 34649
What are the prime factors of 2211002329?
463, 4775383
What are the prime factors of 1410603070?
2, 5, 599, 235493
List the prime factors of 156136575.
3, 5, 7, 297403
List the prime factors of 36914899.
7, 149, 35393
List the prime factors of 46588445.
5, 61, 103, 1483
What are the prime factors of 291539730?
2, 3, 5, 277, 35083
List the prime factors of 6926549970.
2, 3, 5, 109, 409, 5179
What are the prime factors of 15975143?
19, 29, 79, 367
What are the prime factors of 301002945?
3, 5, 20066863
List the prime factors of 261791377.
157, 1667461
List the prime factors of 248283946.
2, 17, 41, 10477
What are the prime factors of 2256050378?
2, 59, 19119071
What are the prime factors of 505788107?
11, 4180067
List the prime factors of 1713513734.
2, 37, 23155591
What are the prime factors of 97272446?
2, 479, 101537
List the prime factors of 160222969.
163, 787, 1249
What are the prime factors of 83488931?
61, 421, 3251
List the prime factors of 3940990062.
2, 3, 23, 28557899
List the prime factors of 550547437.
11, 1483, 33749
What are the prime factors of 24582213?
3, 2731357
What are the prime factors of 79566254?
2, 43, 925189
List the prime factors of 4453583628.
2, 3, 13, 31, 103, 8941
What are the prime factors of 334713740?
2, 5, 16735687
What are the prime factors of 44487770?
2, 5, 59, 75403
What are the prime factors of 3296804833?
7, 31, 3119, 4871
List the prime factors of 56044681.
7, 11, 103979
What are the prime factors of 1424007337?
1424007337
List the prime factors of 117038064.
2, 3, 11, 13, 17, 59
What are the prime factors of 2609968106?
2, 1304984053
List the prime factors of 1406775031.
1406775031
What are the prime factors of 54700179?
3, 251, 72643
What are the prime factors of 1405758382?
2, 7, 89, 211, 5347
What are the prime factors of 87198571?
503, 173357
List the prime factors of 1988301539.
7, 23, 233, 53003
What are the prime factors of 936072337?
936072337
List the prime factors of 570184166.
2, 47, 73, 83093
What are the prime factors of 2360069345?
5, 1097, 430277
What are the prime factors of 678885439?
678885439
What are the prime factors of 4785729253?
19, 31, 81251